{"id":488,"date":"2016-06-02T12:27:16","date_gmt":"2016-06-02T12:27:16","guid":{"rendered":"http:\/\/www.chapelle-montligeon.fr\/?page_id=488"},"modified":"2016-06-03T08:35:59","modified_gmt":"2016-06-03T08:35:59","slug":"brulage-des-dechets-verts","status":"publish","type":"page","link":"https:\/\/www.chapelle-montligeon.fr\/?page_id=488","title":{"rendered":"Brulage des d\u00e9chets verts"},"content":{"rendered":"<h3>Impact du brulage sur l&rsquo;environnement : <a href=\"https:\/\/www.chapelle-montligeon.fr\/wp-content\/uploads\/Affiche.pdf\">Affiche<\/a><\/h3>\n<p>&nbsp;<\/p>\n<table dir=\"LTR\" border=\"1\" width=\"711\" cellspacing=\"0\" cellpadding=\"7\">\n<tbody>\n<tr>\n<td valign=\"TOP\" height=\"231\">\n<p align=\"JUSTIFY\"><span style=\"font-size: medium;\">Dans le cadre de la lutte contre la pollution de l\u2019air, le plan particules, pr\u00e9sent\u00e9 le 28 juillet 2010 en application de la loi de programmation relative \u00e0 la mise en \u0153uvre du Grenelle de l\u2019environnement du 3 ao\u00fbt 2009, pr\u00e9voit une communication ad\u00e9quate sur le sujet du br\u00fblage \u00e0 l\u2019air libre et une circulaire sur cette pratique. <\/span><\/p>\n<p align=\"LEFT\">Le br\u00fblage des d\u00e9chets verts peut \u00eatre \u00e0 l\u2019origine de troubles de voisinages g\u00e9n\u00e9r\u00e9s par les odeurs et la fum\u00e9e, nuit \u00e0 l\u2019environnement et \u00e0 la sant\u00e9 et peut \u00eatre la cause de la propagation d\u2019incendie. Plus sp\u00e9cifiquement, le br\u00fblage \u00e0 l\u2019air libre est source d\u2019\u00e9mission importante de substances polluantes, dont des gaz et particules dont la concentration dans l\u2019air doit rester conforme aux normes de la directive 2008\/50\/CE concernant la qualit\u00e9 de l\u2019air ambiant et un air pur pour l\u2019Europe. La combustion de biomasse peut repr\u00e9senter localement et selon la saison une source pr\u00e9pond\u00e9rante dans les niveaux de pollution. Le br\u00fblage des d\u00e9chets verts est une combustion peu performante, et \u00e9met des imbr\u00fbl\u00e9s en particulier si les v\u00e9g\u00e9taux sont humides. Les particules v\u00e9hiculent des compos\u00e9s canc\u00e9rig\u00e8nes comme les hydrocarbures aromatiques polycycliques (HAP), dioxines et furanes. En outre, la toxicit\u00e9 des substances \u00e9mises peut \u00eatre accrue quand sont associ\u00e9s d\u2019autres d\u00e9chets comme par exemple des plastiques ou des bois trait\u00e9s. Il convient de rappeler le principe g\u00e9n\u00e9ral d\u2019interdiction de br\u00fblage de tels d\u00e9chets. Des solutions existent : elles passent par la valorisation sur place comme le paillage et le compostage, ou bien par la gestion collective des ces d\u00e9chets. La sensibilit\u00e9 du milieu \u00e0 la pollution de l\u2019air (fond de vall\u00e9e par exemple), la connaissance du comportement thermique de l\u2019air (l\u2019air froid, plus dense et donc plus lourd, reste pr\u00e8s du sol), la qualit\u00e9 des combustibles (mati\u00e8res s\u00e8ches, pas de plastiques et autres d\u00e9chets m\u00e9nagers) sont des facteurs cl\u00e9s \u00e0 consid\u00e9rer pour la d\u00e9livrance de d\u00e9rogations autorisant le br\u00fblage.<\/p>\n<p align=\"LEFT\"><span style=\"font-size: medium;\">La pr\u00e9sente circulaire rappelle les bases juridiques relatives \u00e0 l\u2019interdiction du br\u00fblage \u00e0 l\u2019air libre des d\u00e9chets verts sur la base de l\u2019assimilation des d\u00e9chets verts aux d\u00e9chets m\u00e9nagers, et pr\u00e9sente les modalit\u00e9s de gestion de cette pratique. <\/span><\/p>\n<\/td>\n<\/tr>\n<\/tbody>\n<\/table>\n","protected":false},"excerpt":{"rendered":"<p>Impact du brulage sur l&rsquo;environnement : Affiche &nbsp; Dans le cadre de la lutte contre la pollution de l\u2019air, le plan particules, pr\u00e9sent\u00e9 le 28 juillet 2010 en application de la loi de programmation relative \u00e0 la mise en \u0153uvre du Grenelle de l\u2019environnement du 3 ao\u00fbt 2009, pr\u00e9voit une communication ad\u00e9quate sur le sujet &hellip; <\/p>\n<p><a class=\"more-link btn\" href=\"https:\/\/www.chapelle-montligeon.fr\/?page_id=488\">Lire la suite<\/a><\/p>\n","protected":false},"author":5,"featured_media":491,"parent":475,"menu_order":50,"comment_status":"closed","ping_status":"closed","template":"","meta":{"footnotes":""},"class_list":["post-488","page","type-page","status-publish","has-post-thumbnail","hentry","nodate","item-wrap"],"_links":{"self":[{"href":"https:\/\/www.chapelle-montligeon.fr\/index.php?rest_route=\/wp\/v2\/pages\/488","targetHints":{"allow":["GET"]}}],"collection":[{"href":"https:\/\/www.chapelle-montligeon.fr\/index.php?rest_route=\/wp\/v2\/pages"}],"about":[{"href":"https:\/\/www.chapelle-montligeon.fr\/index.php?rest_route=\/wp\/v2\/types\/page"}],"author":[{"embeddable":true,"href":"https:\/\/www.chapelle-montligeon.fr\/index.php?rest_route=\/wp\/v2\/users\/5"}],"replies":[{"embeddable":true,"href":"https:\/\/www.chapelle-montligeon.fr\/index.php?rest_route=%2Fwp%2Fv2%2Fcomments&post=488"}],"version-history":[{"count":2,"href":"https:\/\/www.chapelle-montligeon.fr\/index.php?rest_route=\/wp\/v2\/pages\/488\/revisions"}],"predecessor-version":[{"id":505,"href":"https:\/\/www.chapelle-montligeon.fr\/index.php?rest_route=\/wp\/v2\/pages\/488\/revisions\/505"}],"up":[{"embeddable":true,"href":"https:\/\/www.chapelle-montligeon.fr\/index.php?rest_route=\/wp\/v2\/pages\/475"}],"wp:featuredmedia":[{"embeddable":true,"href":"https:\/\/www.chapelle-montligeon.fr\/index.php?rest_route=\/wp\/v2\/media\/491"}],"wp:attachment":[{"href":"https:\/\/www.chapelle-montligeon.fr\/index.php?rest_route=%2Fwp%2Fv2%2Fmedia&parent=488"}],"curies":[{"name":"wp","href":"https:\/\/api.w.org\/{rel}","templated":true}]}}