{"id":601,"date":"2016-06-22T09:20:05","date_gmt":"2016-06-22T09:20:05","guid":{"rendered":"http:\/\/www.chapelle-montligeon.fr\/?page_id=601"},"modified":"2019-09-26T14:40:34","modified_gmt":"2019-09-26T14:40:34","slug":"centres-equestres","status":"publish","type":"page","link":"https:\/\/www.chapelle-montligeon.fr\/?page_id=601","title":{"rendered":"Centres \u00e9questres"},"content":{"rendered":"<p>\u00ab\u00a0Dans l&rsquo;Orne en Normandie on ne plaisante pas avec les chevaux. Cette terre, cr\u00e9ateur de champions, compte parmi ses enfants ch\u00e9ris quelques uns des grands vainqueurs des prix de l&rsquo;Arc de Triomphe ou d&rsquo;Am\u00e9rique. Une tradition unique \u00e0 explorer \u00e0 travers les haras, les animations et grands \u00e9v\u00e9nements d\u00e9di\u00e9s aux loisirs \u00e9questres.\u00a0\u00bb<\/p>\n<p>Sur la commune vous pouvez d\u00e9couvrir l&rsquo;\u00e9quitation au travers de diff\u00e9rents centres \u00e9questres :<\/p>\n<p>\u00b7 <b><a href=\"http:\/\/poneybonheur.wordpress.com\">Centre \u00c9questre Les Mairins Berdrix<\/a>\u00a0 SARL Poney B<span style=\"font-family: inherit; font-size: inherit; background-color: transparent;\">onheu<\/span><span style=\"font-family: inherit; font-size: inherit; background-color: transparent;\">r <\/span><\/b><span style=\"background-color: transparent; font-family: inherit; font-size: inherit;\">: Catherine Nebout, 06 82 26 09 20<\/span><\/p>\n<p>\u00b7\u00a0<a href=\"http:\/\/www.ceperchereno.fr\/\"><b>Centre \u00c9questre Perche RENO<\/b><\/a> :\u00a0Sarah FALCONNET, 06 13 20 63 46<\/p>\n<p>&#8211; Equitation Sport Nature : Ambroise MILET, 06 25 02 07 89<\/p>\n<p>\u00b7<a href=\"http:\/\/www.facebook.com\/Les-Ecuries-du-Shamrock-552231501609400\/\">\u00a0<b>Les \u00c9curies du Shamrock<\/b><\/a> :\u00a0C\u00e9cile MILET, 06 21 35 10 06<\/p>\n<p>&#8211;<a href=\"http:\/\/www.marinefaust.com\/\"><strong> Les Ecuries de Comp\u00e9tition et Valorisation<\/strong><\/a>\u00a0: Marine Faust, 06 66 21 44 90<\/p>\n<p>&#8211; <a href=\"http:\/\/www.poney-enfant-eveil.fr\"><strong>Poney Club :<\/strong> Les Petits Cavaliers<\/a>, Claudine Pelletier-Milet, 06 25 02 07 89<\/p>\n","protected":false},"excerpt":{"rendered":"<p>\u00ab\u00a0Dans l&rsquo;Orne en Normandie on ne plaisante pas avec les chevaux. Cette terre, cr\u00e9ateur de champions, compte parmi ses enfants ch\u00e9ris quelques uns des grands vainqueurs des prix de l&rsquo;Arc de Triomphe ou d&rsquo;Am\u00e9rique. Une tradition unique \u00e0 explorer \u00e0 travers les haras, les animations et grands \u00e9v\u00e9nements d\u00e9di\u00e9s aux loisirs \u00e9questres.\u00a0\u00bb Sur la commune &hellip; <\/p>\n<p><a class=\"more-link btn\" href=\"https:\/\/www.chapelle-montligeon.fr\/?page_id=601\">Lire la suite<\/a><\/p>\n","protected":false},"author":5,"featured_media":602,"parent":900,"menu_order":10,"comment_status":"closed","ping_status":"closed","template":"","meta":{"footnotes":""},"class_list":["post-601","page","type-page","status-publish","has-post-thumbnail","hentry","nodate","item-wrap"],"_links":{"self":[{"href":"https:\/\/www.chapelle-montligeon.fr\/index.php?rest_route=\/wp\/v2\/pages\/601","targetHints":{"allow":["GET"]}}],"collection":[{"href":"https:\/\/www.chapelle-montligeon.fr\/index.php?rest_route=\/wp\/v2\/pages"}],"about":[{"href":"https:\/\/www.chapelle-montligeon.fr\/index.php?rest_route=\/wp\/v2\/types\/page"}],"author":[{"embeddable":true,"href":"https:\/\/www.chapelle-montligeon.fr\/index.php?rest_route=\/wp\/v2\/users\/5"}],"replies":[{"embeddable":true,"href":"https:\/\/www.chapelle-montligeon.fr\/index.php?rest_route=%2Fwp%2Fv2%2Fcomments&post=601"}],"version-history":[{"count":5,"href":"https:\/\/www.chapelle-montligeon.fr\/index.php?rest_route=\/wp\/v2\/pages\/601\/revisions"}],"predecessor-version":[{"id":2190,"href":"https:\/\/www.chapelle-montligeon.fr\/index.php?rest_route=\/wp\/v2\/pages\/601\/revisions\/2190"}],"up":[{"embeddable":true,"href":"https:\/\/www.chapelle-montligeon.fr\/index.php?rest_route=\/wp\/v2\/pages\/900"}],"wp:featuredmedia":[{"embeddable":true,"href":"https:\/\/www.chapelle-montligeon.fr\/index.php?rest_route=\/wp\/v2\/media\/602"}],"wp:attachment":[{"href":"https:\/\/www.chapelle-montligeon.fr\/index.php?rest_route=%2Fwp%2Fv2%2Fmedia&parent=601"}],"curies":[{"name":"wp","href":"https:\/\/api.w.org\/{rel}","templated":true}]}}