{"id":609,"date":"2016-06-22T09:56:15","date_gmt":"2016-06-22T09:56:15","guid":{"rendered":"http:\/\/www.chapelle-montligeon.fr\/?page_id=609"},"modified":"2016-06-29T08:01:41","modified_gmt":"2016-06-29T08:01:41","slug":"restauration","status":"publish","type":"page","link":"https:\/\/www.chapelle-montligeon.fr\/?page_id=609","title":{"rendered":"Restauration"},"content":{"rendered":"<p><strong>Boulangerie<\/strong>, Ana et Lo\u00efc BESNARD 02.33.83.81.10 <em>(ouvert du mardi au dimanche)<\/em><\/p>\n<p><strong>Caf\u00e9 de la mairie<\/strong>, Christine Grenet 02.33.83.81.01 <em>(ouvert du lundi au samedi, possibilit\u00e9 de petit-d\u00e9jeuner et d\u00e9jeuner)<\/em><\/p>\n<p><strong>Epicerie<\/strong> Chez Eug\u00e8ne, Sandrine SORET 02.33.83.55.20 <em>(ouvert tous les jours sauf le mercredi)<\/em><\/p>\n<p><a href=\"http:\/\/hotelmontligeon.com\/\"><strong>Restaurant H\u00f4tel<\/strong> le Montligeon<\/a>\u00a0, traiteur, salon de th\u00e9\u00a0<em>(ouvert du mercredi au dimanche, possibilit\u00e9 de petit-d\u00e9jeuner, d\u00e9jeuner et diner) <\/em><\/p>\n<p><em>Ouvert tous les jours sur demande pour groupe<\/em><\/p>\n<p><a href=\"http:\/\/montligeon.org\/fr\/hebergement\/tarifs-et-reservation\"><strong>Sanctuaire<\/strong> Notre Dame de Montligeon<\/a>\u00a0<em>(ouvert tous les jours, possibilit\u00e9 de petit-d\u00e9jeuner, d\u00e9jeuner et diner)<\/em><\/p>\n<p><em>Itin\u00e9rants<\/em> :<\/p>\n<ul>\n<li><strong>Boucherie\/Charcuterie<\/strong> le mardi matin et le vendredi matin sur la place de l&rsquo;\u00e9glise, Eric HUBERT 02.33.83.22.01<\/li>\n<li><strong>Fruits et l\u00e9gumes<\/strong> le mardi matin<\/li>\n<li><strong>Pizzeria<\/strong> Steph le mercredi soir, 06.01.98.45.53<\/li>\n<\/ul>\n","protected":false},"excerpt":{"rendered":"<p>Boulangerie, Ana et Lo\u00efc BESNARD 02.33.83.81.10 (ouvert du mardi au dimanche) Caf\u00e9 de la mairie, Christine Grenet 02.33.83.81.01 (ouvert du lundi au samedi, possibilit\u00e9 de petit-d\u00e9jeuner et d\u00e9jeuner) Epicerie Chez Eug\u00e8ne, Sandrine SORET 02.33.83.55.20 (ouvert tous les jours sauf le mercredi) Restaurant H\u00f4tel le Montligeon\u00a0, traiteur, salon de th\u00e9\u00a0(ouvert du mercredi au dimanche, possibilit\u00e9 de &hellip; <\/p>\n<p><a class=\"more-link btn\" href=\"https:\/\/www.chapelle-montligeon.fr\/?page_id=609\">Lire la suite<\/a><\/p>\n","protected":false},"author":5,"featured_media":618,"parent":344,"menu_order":15,"comment_status":"closed","ping_status":"closed","template":"","meta":{"footnotes":""},"class_list":["post-609","page","type-page","status-publish","has-post-thumbnail","hentry","nodate","item-wrap"],"_links":{"self":[{"href":"https:\/\/www.chapelle-montligeon.fr\/index.php?rest_route=\/wp\/v2\/pages\/609","targetHints":{"allow":["GET"]}}],"collection":[{"href":"https:\/\/www.chapelle-montligeon.fr\/index.php?rest_route=\/wp\/v2\/pages"}],"about":[{"href":"https:\/\/www.chapelle-montligeon.fr\/index.php?rest_route=\/wp\/v2\/types\/page"}],"author":[{"embeddable":true,"href":"https:\/\/www.chapelle-montligeon.fr\/index.php?rest_route=\/wp\/v2\/users\/5"}],"replies":[{"embeddable":true,"href":"https:\/\/www.chapelle-montligeon.fr\/index.php?rest_route=%2Fwp%2Fv2%2Fcomments&post=609"}],"version-history":[{"count":4,"href":"https:\/\/www.chapelle-montligeon.fr\/index.php?rest_route=\/wp\/v2\/pages\/609\/revisions"}],"predecessor-version":[{"id":665,"href":"https:\/\/www.chapelle-montligeon.fr\/index.php?rest_route=\/wp\/v2\/pages\/609\/revisions\/665"}],"up":[{"embeddable":true,"href":"https:\/\/www.chapelle-montligeon.fr\/index.php?rest_route=\/wp\/v2\/pages\/344"}],"wp:featuredmedia":[{"embeddable":true,"href":"https:\/\/www.chapelle-montligeon.fr\/index.php?rest_route=\/wp\/v2\/media\/618"}],"wp:attachment":[{"href":"https:\/\/www.chapelle-montligeon.fr\/index.php?rest_route=%2Fwp%2Fv2%2Fmedia&parent=609"}],"curies":[{"name":"wp","href":"https:\/\/api.w.org\/{rel}","templated":true}]}}

<p><strong>Boulangerie</strong>, Ana et Loïc BESNARD 02.33.83.81.10 <em>(ouvert du mardi au dimanche)</em></p>
<p><strong>Café de la mairie</strong>, Christine Grenet 02.33.83.81.01 <em>(ouvert du lundi au samedi, possibilité de petit-déjeuner et déjeuner)</em></p>
<p><strong>Epicerie</strong> Chez Eugène, Sandrine SORET 02.33.83.55.20 <em>(ouvert tous les jours sauf le mercredi)</em></p>
<p><a href="http://hotelmontligeon.com/"><strong>Restaurant Hôtel</strong> le Montligeon</a> , traiteur, salon de thé <em>(ouvert du mercredi au dimanche, possibilité de petit-déjeuner, déjeuner et diner) </em></p>
<p><em>Ouvert tous les jours sur demande pour groupe</em></p>
<p><a href="http://montligeon.org/fr/hebergement/tarifs-et-reservation"><strong>Sanctuaire</strong> Notre Dame de Montligeon</a> <em>(ouvert tous les jours, possibilité de petit-déjeuner, déjeuner et diner)</em></p>
<p><em>Itinérants</em> :</p>
<ul>
<li><strong>Boucherie/Charcuterie</strong> le mardi matin et le vendredi matin sur la place de l&rsquo;église, Eric HUBERT 02.33.83.22.01</li>
<li><strong>Fruits et légumes</strong> le mardi matin</li>
<li><strong>Pizzeria</strong> Steph le mercredi soir, 06.01.98.45.53</li>
</ul>

<p>Boulangerie, Ana et Loïc BESNARD 02.33.83.81.10 (ouvert du mardi au dimanche) Café de la mairie, Christine Grenet 02.33.83.81.01 (ouvert du lundi au samedi, possibilité de petit-déjeuner et déjeuner) Epicerie Chez Eugène, Sandrine SORET 02.33.83.55.20 (ouvert tous les jours sauf le mercredi) Restaurant Hôtel le Montligeon , traiteur, salon de thé (ouvert du mercredi au dimanche, possibilité de &hellip; </p>
<p><a class="more-link btn" href="https://www.chapelle-montligeon.fr/?page_id=609">Lire la suite</a></p>
