{"id":681,"date":"2016-06-30T12:05:05","date_gmt":"2016-06-30T12:05:05","guid":{"rendered":"http:\/\/www.chapelle-montligeon.fr\/?page_id=681"},"modified":"2024-02-28T14:17:53","modified_gmt":"2024-02-28T13:17:53","slug":"le-sanctuaire","status":"publish","type":"page","link":"https:\/\/www.chapelle-montligeon.fr\/?page_id=681","title":{"rendered":"Le Sanctuaire"},"content":{"rendered":"<p><img loading=\"lazy\" decoding=\"async\" class=\"alignnone size-medium wp-image-682\" src=\"https:\/\/www.chapelle-montligeon.fr\/wp-content\/uploads\/v-r2p1-chambres-300x65.jpg\" alt=\"v-r2p1-chambres\" width=\"300\" height=\"65\" srcset=\"https:\/\/www.chapelle-montligeon.fr\/wp-content\/uploads\/v-r2p1-chambres-300x65.jpg 300w, https:\/\/www.chapelle-montligeon.fr\/wp-content\/uploads\/v-r2p1-chambres-600x130.jpg 600w, https:\/\/www.chapelle-montligeon.fr\/wp-content\/uploads\/v-r2p1-chambres.jpg 630w\" sizes=\"auto, (max-width: 300px) 100vw, 300px\" \/><\/p>\n<p>Pour h\u00e9berger les p\u00e9lerins, dans le cadre de leur d\u00e9marche spirituelle,<\/p>\n<p>le Sanctuaire dispose de 3 b\u00e2timents pour recevoir les p\u00e8lerins et les groupes. 80 chambres de 1 \u00e0 4 lits sont r\u00e9parties sur le site, offrant une capacit\u00e9 d\u2019accueil de 217 lits.<\/p>\n<p>12 maisons sont actuellement disponibles dont 8 dans le hameau des familles pouvant h\u00e9berger de 2 \u00e0 15 personnes.<\/p>\n<p>Pour plus de renseignement : <a href=\"https:\/\/montligeon.org\/hebergement\/chambres\/\">cliquez ici<\/a><\/p>\n<p>&nbsp;<\/p>\n<p>&nbsp;<\/p>\n","protected":false},"excerpt":{"rendered":"<p>Pour h\u00e9berger les p\u00e9lerins, dans le cadre de leur d\u00e9marche spirituelle, le Sanctuaire dispose de 3 b\u00e2timents pour recevoir les p\u00e8lerins et les groupes. 80 chambres de 1 \u00e0 4 lits sont r\u00e9parties sur le site, offrant une capacit\u00e9 d\u2019accueil de 217 lits. 12 maisons sont actuellement disponibles dont 8 dans le hameau des familles &hellip; <\/p>\n<p><a class=\"more-link btn\" href=\"https:\/\/www.chapelle-montligeon.fr\/?page_id=681\">Lire la suite<\/a><\/p>\n","protected":false},"author":5,"featured_media":684,"parent":20,"menu_order":9999,"comment_status":"closed","ping_status":"closed","template":"","meta":{"footnotes":""},"class_list":["post-681","page","type-page","status-publish","has-post-thumbnail","hentry","nodate","item-wrap"],"_links":{"self":[{"href":"https:\/\/www.chapelle-montligeon.fr\/index.php?rest_route=\/wp\/v2\/pages\/681","targetHints":{"allow":["GET"]}}],"collection":[{"href":"https:\/\/www.chapelle-montligeon.fr\/index.php?rest_route=\/wp\/v2\/pages"}],"about":[{"href":"https:\/\/www.chapelle-montligeon.fr\/index.php?rest_route=\/wp\/v2\/types\/page"}],"author":[{"embeddable":true,"href":"https:\/\/www.chapelle-montligeon.fr\/index.php?rest_route=\/wp\/v2\/users\/5"}],"replies":[{"embeddable":true,"href":"https:\/\/www.chapelle-montligeon.fr\/index.php?rest_route=%2Fwp%2Fv2%2Fcomments&post=681"}],"version-history":[{"count":3,"href":"https:\/\/www.chapelle-montligeon.fr\/index.php?rest_route=\/wp\/v2\/pages\/681\/revisions"}],"predecessor-version":[{"id":3123,"href":"https:\/\/www.chapelle-montligeon.fr\/index.php?rest_route=\/wp\/v2\/pages\/681\/revisions\/3123"}],"up":[{"embeddable":true,"href":"https:\/\/www.chapelle-montligeon.fr\/index.php?rest_route=\/wp\/v2\/pages\/20"}],"wp:featuredmedia":[{"embeddable":true,"href":"https:\/\/www.chapelle-montligeon.fr\/index.php?rest_route=\/wp\/v2\/media\/684"}],"wp:attachment":[{"href":"https:\/\/www.chapelle-montligeon.fr\/index.php?rest_route=%2Fwp%2Fv2%2Fmedia&parent=681"}],"curies":[{"name":"wp","href":"https:\/\/api.w.org\/{rel}","templated":true}]}}

<p><img loading="lazy" decoding="async" class="alignnone size-medium wp-image-682" src="https://www.chapelle-montligeon.fr/wp-content/uploads/v-r2p1-chambres-300x65.jpg" alt="v-r2p1-chambres" width="300" height="65" srcset="https://www.chapelle-montligeon.fr/wp-content/uploads/v-r2p1-chambres-300x65.jpg 300w, https://www.chapelle-montligeon.fr/wp-content/uploads/v-r2p1-chambres-600x130.jpg 600w, https://www.chapelle-montligeon.fr/wp-content/uploads/v-r2p1-chambres.jpg 630w" sizes="auto, (max-width: 300px) 100vw, 300px" /></p>
<p>Pour héberger les pélerins, dans le cadre de leur démarche spirituelle,</p>
<p>le Sanctuaire dispose de 3 bâtiments pour recevoir les pèlerins et les groupes. 80 chambres de 1 à 4 lits sont réparties sur le site, offrant une capacité d’accueil de 217 lits.</p>
<p>12 maisons sont actuellement disponibles dont 8 dans le hameau des familles pouvant héberger de 2 à 15 personnes.</p>
<p>Pour plus de renseignement : <a href="https://montligeon.org/hebergement/chambres/">cliquez ici</a></p>
<p>&nbsp;</p>
<p>&nbsp;</p>

<p>Pour héberger les pélerins, dans le cadre de leur démarche spirituelle, le Sanctuaire dispose de 3 bâtiments pour recevoir les pèlerins et les groupes. 80 chambres de 1 à 4 lits sont réparties sur le site, offrant une capacité d’accueil de 217 lits. 12 maisons sont actuellement disponibles dont 8 dans le hameau des familles &hellip; </p>
<p><a class="more-link btn" href="https://www.chapelle-montligeon.fr/?page_id=681">Lire la suite</a></p>
